.
4
Let f(d) = 1. Let m(c) = -2*c + 0*c**2 + 6 - c**3 - 3 + 6*c**2. Let x(r) = 6*f(r) + m(r). Determine x(6).
-3
Let i(s) = s**2 + 8*s - 3. Let v be i(-7). Let g be (2*-3)/(v/5). Let a(q) = -2*q**3 + 3 + q**g - 2*q + 3*q - 4*q**2. Calculate a(-4).
-1
Let v(f) be the first derivative of -f**4/4 + 2*f**3 - 5*f**2/2 + 2*f + 18. Give v(5).
2
Let g(a) be the first derivative of a**3/3 - 5*a**2/2 - 3*a - 7. What is g(5)?
-3
Let y(j) = -2*j - 11. Let r be (5 - 5) + 0 + -9. What is y(r)?
7
Let f(i) = 7*i + i + 10*i - 20*i - 1. Determine f(0).
-1
Suppose -2*q - 3*f = -6 + 13, -q + f = 1. Let m(b) = -6*b**2 - 3*b. Give m(q).
-18
Let b(i) = 5*i - 10. Let w(n) = n - 1. Let l(g) = -b(g) + 6*w(g). Give l(-3).
1
Let d(g) = 9*g + 5. Let u(a) = 0*a - 3*a - 3 - 4 - 10*a. Let m(c) = -7*d(c) - 5*u(c). Calculate m(3).
6
Let x = 35 + -18. Suppose -5*o + x = 2. Let r(w) be the first derivative of -w**3/3 + 3*w**2 - 2*w - 1. Calculate r(o).
7
Let f(n) = n**2 - n - 1. Let l(c) = c**2 + 2*c + 1. Let p be l(-3). Let d be f(p). Let x(q) = q**2 - 11 + d. Calculate x(1).
1
Let r(i) = i**3 - 4*i**2 - 5*i + 4. Suppose -19*g + 18*g = -5. Calculate r(g).
4
Suppose u - 6 + 5 = -q, -u = -q - 5. Let l(r) = -r - 1. Determine l(q).
1
Let i be -4 - (-2)/(-2)*-10. Let a(z) = -5*z**3 - 8 + 7*z**2 - 4*z + 3*z**3 + z**3. Give a(i).
4
Let r(q) = 5*q + 60. Let d be r(-12). Let c(n) be the second derivative of -3*n**2 + d + 3*n + 1/2*n**3. Determine c(4).
6
Let i(b) = -b**3 + 2*b**2 + b - 2. Let j = -1 - -6. Suppose 6*a - 2 = j*a. What is i(a)?
0
Let b(m) = 11*m**2 - m - 1. Let j be b(-1). Suppose -6*k = -j*k. Let w(q) = q + 4. Calculate w(k).
4
Suppose -2*f - 9 = -5*f. Suppose -f*h - 5 = -2*c, -4*c + 2 = -2. Let z = h - 0. Let w(s) = s**3 - s. Determine w(z).
0
Let t(m) be the third derivative of -m**4/6 + 3*m**3/2 - 2*m**2. Let r(y) = 3*y - 6. Let k(a) = 7*r(a) + 5*t(a). Give k(3).
6
Suppose 5*y + 2 = d + 5, 5*d + 15 = 2*y. Let a(k) be the first derivative of k**4/4 + k**3 - k**2/2 - k + 2. Calculate a(d).
2
Let w(r) = r**2 + 1. Let g(s) = 9*s**2 + s + 3. Let i(t) = -g(t) + 4*w(t). Calculate i(1).
-5
Let n(m) = -m - m**2 + 0*m**2 - 2*m**3 + 0*m**3 + 3*m**3. Let v(a) = -3*a**3 + 10*a**2 + 9*a - 2. Let f(z) = -4*n(z) - v(z). Give f(-4).
-10
Let o(u) = -3*u**2 + 4*u. Let n(x) = x**2 - x + 1. Let p = 3 + -4. Let m(v) = p*o(v) - 2*n(v). Let i = -5 + 8. What is m(i)?
1
Suppose -y = -3*h + 19, 3*h = 3*y + 26 - 5. Let k(t) = -14*t + 1. Let z(o) = 13*o - 1. Let f(m) = h*z(m) + 5*k(m). Determine f(1).
7
Let h = 8 + -6. Let t(s) = -2*s + h + 0 + 3. What is t(5)?
-5
Let g = -458 + 655. Let u(x) = g*x**3 - 2*x - 2*x**2 + 4 + 5*x**2 - 198*x**3. What is u(3)?
-2
Let l = -7 - -13. Let w(p) = -4*p**2 + 2*p - 2 - l*p + 2*p**2. Calculate w(-2).
-2
Suppose 12 = 3*d + l, 3*l + l = 5*d - 37. Let a(p) = -3*p - 2*p - 3*p**2 - 1 + p**2 + 3*p**2. Determine a(d).
-1
Let o(j) = 3*j - 1. Let c(s) be the second derivative of -s**5/20 + 2*s**4/3 - 4*s**3/3 + 3*s**2 - 11*s. Let h be c(7). Give o(h).
-4
Let m = -17 + 37. Suppose m = -0*p + 5*p. Let k be ((-1)/2)/((-2)/p). Let w(j) = -8*j**3 - 1. What is w(k)?
-9
Let q(j) = -j + 0 - 1 + 3. Let y be q(7). Let c(u) = u**2 + 5*u + 5. What is c(y)?
5
Let b(i) be the first derivative of i**4/4 - i**3/3 + 6*i - 6. Let w be b(0). Let p(y) = -y**3 + 5*y**2 + 6*y - 5. Give p(w).
-5
Let u(g) be the third derivative of -2*g**2 + 0*g + 0 + 1/24*g**4 + 7/6*g**3. Determine u(-5).
2
Let z(f) be the first derivative of 2*f**5/5 - f**4/12 + f**3/3 - f**2/2 + 2*f - 1. Let t(l) be the first derivative of z(l). Calculate t(1).
8
Let b(s) = 6*s + 2. Let w(t) = -t**2 - t. Let y(m) = -b(m) + w(m). Let h = -4 + 0. Calculate y(h).
10
Let y = 3 + 1. Let h(v) be the first derivative of v**6/360 - v**5/40 + v**4/6 - v**3/3 + 1. Let b(m) be the third derivative of h(m). What is b(y)?
8
Let u be -5*(40/32 + (-2)/8). Let d(i) = i**2 + 3*i - 4. Calculate d(u).
6
Let a be 9/3 + -4 + 3. Let f(i) be the third derivative of 2*i**2 + 1/24*i**4 + 0*i + 1/3*i**3 + 0. Determine f(a).
4
Let g be -14*7/(147/(-30)). Suppose 2*d + 2*a - 16 = 6*d, -g = 5*d + 3*a. Let x(q) = 3*q + 6. Let m(r) = -2*r - 3. Let o(w) = 7*m(w) + 4*x(w). Determine o(d).
11
Let k(x) = x**3 - x**2 - 3*x - 4. Suppose -3*u = l - 8, 0*u = 2*l - 3*u + 2. Let h(y) = 2*y**l + 3 + 0 - y**2 - y. Let v be h(0). Give k(v).
5
Let g(w) = w + 3. Suppose -4*p = -6*p - 14. Let x be g(p). Let y(b) = -3*b**2 + 6 + b + 5*b - b**3 - 1. Calculate y(x).
-3
Let n(w) = 3*w - 12. Let k be n(9). Let a = k + -8. Suppose -i + 0*i - 4*b = 17, 0 = i - 4*b - a. Let l(p) = -p**3 - 5*p**2 - 3. Give l(i).
-3
Let c(l) = -4*l - 5. Let a(w) = -w**2 - w + 1. Let j be a(2). Determine c(j).
15
Suppose -4*n = -j - 15, 4*j - 3*n - 15 = -2*n. Let z(u) = j*u + 2 - 2*u + 2. Let k(d) = d**3 + 8*d**2 - 8*d + 6. Let a be k(-9). Give z(a).
-5
Suppose -16 = 4*a, 4*p - 3*a = -17 + 5. Let t(v) = -v - 9. Determine t(p).
-3
Let n(y) = -2*y**2 - y. Let v(a) = 2*a**2 - 1. Let q(l) = 3*n(l) + 4*v(l). Let m = 3 - -6. Let u = m - 6. Determine q(u).
5
Let w(m) be the second derivative of m**5/4 - m**3/6 - 25*m. What is w(1)?
4
Suppose -3*f - 4*n = -5, -2*n - 2 = -f - 3*n. Let o be (1/f)/((-2)/(-24)). Let w(d) = 2*d**2 + 5 - 2 - d**2 - o*d. Determine w(5).
8
Let x be 3*((2 - -1) + -1). Let z(s) be the third derivative of s**6/120 - 7*s**5/60 + s**4/4 - 24*s**2. What is z(x)?
0
Let k(l) = 2*l**2 + 2*l + 1. Let t(m) = -m**2 - m - 1. Let j(d) = k(d) + 3*t(d). Determine j(-4).
-14
Let t(c) be the first derivative of 5*c**2 - 11. Determine t(2).
20
Let b be (-4)/((-56)/46) - 6/21. Let a(r) = r**3 - 4*r**2 + 2*r + 1. Determine a(b).
-2
Let r = -5 - -2. Let g(h) = -h**3 + 3*h**2 + 5*h - 1. Let d(p) = -p**3 + p + 1. Let m(n) = -2*d(n) + g(n). Give m(r).
-12
Let z = -3 - -4. Let s(p) be the first derivative of -3*p**5/20 + p**4/12 - p**3/3 + p**2/2 + p - 1. Let y(x) be the first derivative of s(x). Give y(z).
-3
Let u(d) = 20*d**2 - 5. Let q(l) = 7*l**2 - 2. Let k(v) = -8*q(v) + 3*u(v). Suppose -3 = 4*a - 3*y, a - 4 = 4*a - 4*y. Suppose -5*z + a = -5. Calculate k(z).
5
Let k(r) = -35*r + 6 + 13*r - 3 + 20*r. Determine k(4).
-5
Let o(l) = -5*l - 1. Let v(i) = i**3 + 2*i**2 - 9*i - 3. Let j be v(-4). Determine o(j).
-6
Let q be (2/(-6))/((-1)/9). Let a be (-3)/(-2 - q/(-6)). Let b = 3 - a. Let u(h) = 8*h**3. Give u(b).
8
Let r(a) = -a - 1. Let k(d) = -d**2 - d - 2. Let z(f) = k(f) - 2*r(f). Calculate z(-1).
-2
Let k(l) = -l**3 + l**2 + l + 13. Let y = -23 + 23. Give k(y).
13
Suppose -5*d + 4*y = 49, 4*d + 0*d + 34 = -2*y. Let w be 39/(-15) - d/15. Let q(j) = -j**3 - 2*j**2 + 2*j + 2. What is q(w)?
-2
Let r(h) be the second derivative of h**3/2 + h**2 - h + 18. Calculate r(-3).
-7
Suppose 2*z + 4*m - 26 = 0, 5 - 25 = -5*z - m. Suppose z*h = -2*q - 3, -q = -h - 2 + 1. Let d(g) = -g**2 - g. What is d(q)?
0
Let r(l) = l**2 - 5*l - 3. Let m be r(6). Let x(k) = 0*k**2 - k**2 - m*k + 3*k + 2*k + 4. Calculate x(3).
1
Let p be (15 - 11)*(-2 + 1). Let n = 8 - 4. Let k(h) = n*h - 1 - 3*h + 0*h. Calculate k(p).
-5
Let f(o) = -6*o**3 + o**2 + 2*o + 1. Suppose 7*w = 4*w - 3. Give f(w).
6
Suppose 3*n + 12 = -3*d, -n - 2*n - 4*d - 16 = 0. Suppose 0*m - 4*m + 12 = n. Suppose -2*f - m*h = 6, 3*f + 1 = -4*h - 7. Let u(a) = a**3 - 3. What is u(f)?
-3
Suppose 4*p + 5 = -5*o, -2*p + 2 = o - 3. Let v(n) = n**3 - 6*n**2 + 5*n - 1. What is v(p)?
-1
Let f(q) be the second derivative of -11*q**4/12 - q**2/2 - 26*q. Give f(-1).
-12
Suppose 3 = 4*s - 1. Let f(z) = -z**2 + z. Let k(j) = j**2 - 7*j + j**2 - j**2. Let c(v) = s*k(v) + 2*f(v). Give c(-5).
0
Let n(b) = 5*b**3 - 4*b**2 - b - 7. Let o(y) = 6*y**3 - 4*y**2 - y - 8. Let r(d) = 7*n(d) - 6*o(d). Give r(-3).
-7
Let p(b) = -2*b - 2. Let q(c) = -3*c + 8. Let v be q(4). Determine p(v).
6
Suppose 4*p - 2*p - 5*d = 1, -4*p = -4*d - 20. Let l(a) = a**2 - 8*a - 1. Determine l(p).
-1
Let k(d) be the first derivative of -7*d**2/2 + d + 39. Determine k(-2).
15
Let l(m) = -3 + 5 - 3 + 4*m. Let q be 3*-1 + (12 - 7). What is l(q)?
7
Let n(u) = -u - 4. Suppose 1 - 5 = -f. What is n(f)?
-8
Let y(r) = 9*r**2 + 3*r + 4. Let x(z) = 17*z**2 + 5*z + 7. Let o(b) = -4*x(b) + 7*y(b). Suppose -l + 4*n + 21 = 0, 0 = -4*l - 0*n + n + 9. Give o(l).
-4
Let r(h) = -2*h**2 + 3*h. Let w be r(2). Let p(q) = -q*